 q and c?
1
Suppose -s = -r - 5, r = -3*s - 1 - 0. Let o(v) = v + 13. Let g be o(-10). Calculate the highest common divisor of s and g.
1
Let v(s) = 4*s**2 + 2*s + 2. Let w be v(-2). Let d = 1 + 20. What is the highest common factor of d and w?
7
Let z = -26 - -32. What is the highest common divisor of z and 24?
6
Let d be (1/(-20)*-55)/((-1)/(-4)). Suppose -6*m + 495 = -m. What is the highest common factor of m and d?
11
Suppose 4*t = -3*u + 3*t + 5, 0 = -2*u - t + 2. Suppose 5*j = -15, -4*j - 7 = u*s + 2. Calculate the highest common divisor of s and 1.
1
Suppose -7*y = -148 - 20. Calculate the highest common factor of y and 8.
8
Suppose 0 = -4*y - 16 + 52. Suppose v - 2*d = 10, 4*v + d - 67 = y. Suppose 438 = 3*l + 168. What is the greatest common divisor of v and l?
18
Suppose 0*g = 3*g - 3. Let z be g/(-4) + 29/4. Let m be (2 + 0 + 3)*z. What is the highest common divisor of 7 and m?
7
Let m(t) = -t**2 - 5*t + 7. Let c be m(-6). Let s(o) = o - 3*o + c - 4. Let n be s(-2). What is the greatest common factor of n and 1?
1
Let p(w) be the third derivative of w**4/12 - w**2. Let j be p(6). What is the greatest common factor of 24 and j?
12
Let u be 3 - (-4 - -3 - -1). What is the highest common divisor of u and 6?
3
Suppose -8*b + 148 = -452. Let q(r) = 5*r - 10. Let u be q(7). Calculate the highest common divisor of b and u.
25
Let u be 1 - (-4)/(-5) - 5160/(-75). What is the greatest common divisor of 46 and u?
23
Let j(w) = w**3 + 4*w**2 - 5*w - 3. Let g be j(-5). Let d be (-8)/g*135/36. Calculate the highest common divisor of 90 and d.
10
Let r(t) = -t - 1. Let l be r(-5). Let k be (-42)/(-9) - l/6. Let z = 13 + -12. Calculate the highest common divisor of z and k.
1
Suppose 0 = 13*n - 8*n - 50. Calculate the highest common factor of n and 130.
10
Suppose 5*q = -0*q + 630. Let r = 4 + 10. Calculate the highest common divisor of r and q.
14
Let i(d) = -d**3 - 4 + d**2 + 2*d**2 + 3*d + d. Let k be i(3). What is the greatest common divisor of k and 20?
4
Let x be ((-44)/(-99))/(4/18). Calculate the greatest common divisor of x and 1.
1
Suppose v - 385 = -3*m, -3*m + 5*v - 113 + 492 = 0. Calculate the greatest common divisor of 8 and m.
8
Suppose 0 = 4*v + 3*v - 112. Calculate the greatest common factor of 16 and v.
16
Let z be ((-3)/9 + -1)*-144. Suppose c = 5*c - z. Let w(h) = -h + 2. Let v be w(-4). What is the highest common divisor of v and c?
6
Let v be 2/(-4)*(-19 + 1). What is the highest common divisor of 81 and v?
9
Let m be 2*-1*1/2. Let k = m - -3. Suppose -3*p = 3*y - 48, -y - 2*p = k*y - 46. What is the highest common factor of 56 and y?
14
Let x(g) = 5*g - 15. Let s be x(4). Calculate the greatest common factor of 10 and s.
5
Let s be (1 + 5)*(-11 + 17). Calculate the greatest common factor of 4 and s.
4
Let y = -6 - -12. Let j(x) = 3*x**2 + 7*x + 2. Let r be j(-5). Calculate the highest common factor of y and r.
6
Let u = 16 + -2. Suppose -u - 10 = -3*h. Suppose 0 = -3*g + n - 0*n + 31, 0 = -2*n - h. What is the highest common factor of g and 63?
9
Suppose -2*v + 5*v = 0. Let g(x) = -x**3 - x**2 + 13. Let u be g(v). Let t = 49 - -55. Calculate the highest common divisor of u and t.
13
Let h be 146*1 - 6/(-3). Suppose 0 = 2*p + 4*m - h, -p - m + 106 = 37. Calculate the highest common factor of p and 8.
8
Let v = -5 - -10. Suppose -3*y = v*u + 2*y, -y - 15 = -4*u. Let d(n) = 2*n**2 + 4*n - 2. Let l be d(u). What is the highest common factor of l and 14?
14
Let l(x) = 4*x - x**2 + 7 - 1 + 1. Let s be l(5). Suppose 0*g = s*g - 80. What is the greatest common factor of g and 10?
10
Suppose -2*i = -10 - 46. Suppose 0 = -4*d - 4*n + 44 + i, d + 5*n - 26 = 0. What is the highest common factor of 4 and d?
4
Let q = 0 + -11. Let v(i) = -2*i - 9. Let t be v(q). What is the greatest common divisor of t and 52?
13
Let p be -2*(-3)/12*10. What is the highest common factor of 45 and p?
5
Suppose -2*g = 2*v + 16 + 4, g = -2. Let s = 16 + v. Let q = 28 - 20. Calculate the greatest common divisor of s and q.
8
Suppose -h = -2*h - u + 59, 0 = -3*h + u + 177. Let v = 83 - h. Suppose -5*k + 32 = -8. What is the greatest common divisor of v and k?
8
Let a(o) = -o**3 + o**2 + o + 150. Let r be a(0). Calculate the greatest common factor of r and 30.
30
Suppose s + 0*s - 165 = 0. Suppose -45 + s = 5*j. Calculate the highest common divisor of j and 168.
24
Let r be 5*-6*(-2)/5. Calculate the highest common divisor of 96 and r.
12
Suppose -64 - 92 = -3*t. What is the greatest common divisor of 39 and t?
13
Let m = -34 - -65. What is the highest common factor of m and 217?
31
Let d = -3 - -4. Let m(z) = 4*z**2 - 2*z + 1. Let u be m(1). Calculate the greatest common divisor of d and u.
1
Suppose -2*r = 10 + 2. Let x = r - -19. Let h = -78 + 130. Calculate the highest common divisor of x and h.
13
Let z(h) = -h**3 - 7*h**2 - 8*h + 5. Let y be z(-6). Let x be (2 - 36)*(-2)/1. Suppose -x = -0*c - 4*c. Calculate the highest common divisor of c and y.
17
Let a = -10 - -19. Suppose -3*l = 3*i + 6, -4*l = -i + 3*i + 12. Suppose 2*h = -i*h + 288. Calculate the greatest common factor of a and h.
9
Suppose 5*a - 49 + 9 = 0. Suppose -4*j - a = -2*q + 8, q = j + 6. Calculate the highest common divisor of 28 and q.
4
Let u(h) = -26*h - 89. Let s be u(-4). Suppose b = 5*q - 17, 0*q + 5*b + 4 = -2*q. Calculate the greatest common factor of q and s.
3
Let a = -29 - -35. Calculate the highest common divisor of 6 and a.
6
Let n(i) = i + 12. Let z be n(0). Let m be 0 - ((-6)/1 - 2). Suppose 0 = -3*s + 2*s + m. Calculate the highest common factor of s and z.
4
Let v(z) = 2*z + 16. Let x be v(-7). Let c(i) = i. Let m be c(5). Calculate the greatest common factor of x and m.
1
Suppose -4*a = 20, 5*a = b - 282 + 97. What is the greatest common divisor of 20 and b?
20
Suppose 4*r = -u + 91, -8 = -2*r - 4*u + 20. What is the highest common factor of r and 24?
24
Let d be 404/10 + (-12)/30. Suppose 3*u = 5*v - 78 - 57, 0 = v + 2*u - d. What is the highest common factor of v and 45?
15
Let w = -28 + 39. Calculate the highest common factor of 88 and w.
11
Let u(q) = q**3 + 7*q**2 + 6*q + 5. Let r be u(-6). Suppose 2*z - 3*i - 119 = 0, -4*z - r*i + 0*i + 205 = 0. Calculate the greatest common divisor of 22 and z.
11
Let h = 28 + -7. Let y(n) = 3*n**2 - 5 - 6*n + 0*n**3 + 0*n**2 + n**3. Let m be y(-4). What is the highest common factor of m and h?
3
Let k be ((-24)/20)/(-2*3/75). Calculate the highest common factor of k and 120.
15
Let a = -20 - -23. Suppose 2*s + 4*g = 2 + 200, -a*s = 3*g - 300. Suppose -h - 34 = 2*f - 5*f, f + 2*h - 9 = 0. What is the greatest common factor of s and f?
11
Suppose -5*h + 23 = 2*u - 162, -2*u + 146 = 4*h. Calculate the highest common divisor of h and 78.
39
Suppose f - 33 = -3*l, 5*l + 62 + 23 = 3*f. Let u = 86 - f. Calculate the highest common factor of 14 and u.
14
Let g = -49 + 56. Calculate the greatest common factor of 14 and g.
7
Suppose i - 3 = -1. Suppose k + 8 = 2*k. Let z be 4/10 - k/(-5). Calculate the greatest common divisor of i and z.
2
Suppose -2*x = -2*g - 62, 7*g - 4 = 3*g. Calculate the highest common factor of 4 and x.
4
Let g be (-178)/(-4) - (-5)/10. Calculate the greatest common factor of g and 18.
9
Let d = 31 + -19. Calculate the greatest common factor of 24 and d.
12
Let v(u) = -8*u + 26. Let w be v(-3). Calculate the highest common divisor of 2 and w.
2
Suppose -3*s + 3*p + p = -52, 3*s - 5*p - 56 = 0. Let f be s + -1 - 18/(-6). What is the highest common factor of 56 and f?
14
Let g be (0/3*-1)/(-1). Suppose -14 = -2*q - g. What is the highest common divisor of 35 and q?
7
Suppose 3*s - 13 = 17. Calculate the greatest common divisor of s and 10.
10
Suppose -f - 2*f + 36 = 0. Let c = f + -7. Suppose l - c - 1 = 0. Calculate the highest common divisor of 4 and l.
2
Suppose 3*t - 2*t = 3. Suppose -3*w = -t*b - 54, 2*w + 51 = 5*w - 4*b. What is the highest common factor of 84 and w?
21
Suppose 2*y = -6, -3*v + 2*y + 390 = -2*y. Calculate the highest common divisor of 18 and v.
18
Let v = -2 - -6. Suppose -4*u = -i + 5*i - 324, v*u = 5*i + 360. What is the highest common divisor of 34 and u?
17
Let l = -124 + 249. Let a(q) = q**2 - 2*q + 1. Let i be a(6). Calculate the highest common factor of l and i.
25
Suppose -7*n + 125 